ed by u?
3
Suppose 5*g = 8*g + 834. Let r = g - -489. Let f = -110 + r. What is the remainder when f is divided by 17?
16
Let x(d) = 0 - 6*d**2 - 6 - 2*d**3 + 3*d**3 - 3*d. Let r be x(6). Let y = -23 - r. What is the remainder when y is divided by 1?
0
Let u(i) = -123 + 73 + 38 - 9*i + 47. Let j be u(3). Suppose -j*g - 5*q = -12*g - 21, 2*q = 5*g + 5. Calculate the remainder when g is divided by 1.
0
What is the remainder when 1400 is divided by 82 + 4 + (-17 + 1)/2?
74
Let j = 23 + -19. Suppose 2 = -w, t + 365 = j*t + 2*w. Calculate the remainder when t is divided by 18.
15
Let s = -518 + 837. Let l = 333 - s. Calculate the remainder when l is divided by 5.
4
Suppose 1157 = -68*o + 7889. Calculate the remainder when 486 is divided by o.
90
Let j = 31 + 33. Let l = 173 + -167. Calculate the remainder when j is divided by (l + -3)/((-6)/(-68)).
30
Suppose 0 = -4*s - 3*o + 11, 4*o = -2*s + 3*s + 2. Suppose 0 = -2*l - 4*x + 288, 0 = -x - s*x + 9. What is the remainder when l is divided by 48?
42
Suppose 139*a - 27265 + 6415 = 0. Calculate the remainder when a is divided by ((-1)/(-3))/(2/102).
14
Let d(i) be the second derivative of 4*i**3/3 + 23*i**2/2 - 37*i - 1. What is the remainder when d(16) is divided by 22?
19
What is the remainder when 49 is divided by (6/(-9))/(-14 - 320/(-24))?
0
Suppose 9 = j + 2*x, 0 = -0*j + j + x - 9. Let r be 3*6*(-5)/(-45). Calculate the remainder when 14 - ((-4)/(-2 - -6) - r) is divided by j.
8
Let u = 2016 + -2002. Calculate the remainder when 657 is divided by u.
13
Let f be -2 + 1 - (-2 - 0). Let z(p) be the second derivative of 10*p**4/3 - p**3/6 + p**2 + 669*p. What is the remainder when z(f) is divided by 7?
6
Suppose 0 = -j - 4*h + 69, 2*j - h = -3*j + 282. Let w = 149 - j. Calculate the remainder when w is divided by 120/48*(-2 + 144/15).
16
Suppose -5578 = -3*w - 4*z, 7429 = -36*w + 40*w - 3*z. What is the remainder when w is divided by 10?
8
Let y(t) = t**3 - 2*t**2 + 3*t - 3. Let b be y(2). Let a(g) = g**3 + g**2 - 5*g - 7. Calculate the remainder when 1*3 - (0 - 65) is divided by a(b).
12
Let x(n) = 7*n - n**3 + 8*n**2 - 5*n**2 + 0*n**3 - 2. Let c be x(8). What is the remainder when c/(-8) - (-7)/(-28) is divided by 6?
3
Let f(l) = -58*l**2 - 815*l - 7. Let a be (0 - -1) + (-1)/(-1). Suppose -a*z = 4, -z - 71 = -q + z. What is the remainder when q is divided by f(-14)?
32
Let n(v) = 8*v**3 + 3*v**2 - v - 2. Let p be n(2). Let i = p - 78. What is the remainder when 29 is divided by (2 + 22)*(-4)/i?
13
Let j = -13 - -12. What is the remainder when 45 is divided by (-3 - -5)*((j - -7) + 0)?
9
Let p = -19912 - -21001. Calculate the remainder when p is divided by 120.
9
Suppose -34*z + 7*z = 108. Let g be -8 - -10 - 3*1. What is the remainder when 109 is divided by g + -1 - 72/z?
13
Let d(b) be the second derivative of 17*b**4/12 - b**2/2 - 4*b. Suppose 0 = j + 2 + 3, -o = -j - 116. What is the remainder when o is divided by d(-1)?
15
Suppose 0 = -4*s - 42 + 282. Suppose -5*k + s = -110. Suppose -d - 2*c - 2*c = -k, -2*c = -3*d + 32. What is the remainder when 25 is divided by d?
11
Let u = 198 - 176. Suppose b + u*b - 391 = 0. What is the remainder when 67 is divided by b?
16
Let a = 30 + -17. Let f = 220 + -224. Let p(i) = -15*i - 10. Calculate the remainder when p(f) is divided by a.
11
Suppose 16*m + 339 = 1363. Suppose 11*w + 99 = 14*w. Calculate the remainder when m is divided by w.
31
Let c(k) = 30 + k**3 + 11*k**2 - 32 - 2*k + 0*k**2. Let o be c(-11). Let m(d) = d**2 - 19*d + 16. Calculate the remainder when m(o) is divided by 15.
6
Suppose -12*j + 3*j + 414 = 0. Let l be (-2322)/(-7) + j/14 + -3. Suppose 4*x - 12 - l = 0. Calculate the remainder when x is divided by 22.
20
Suppose 0 = 623*q - 577*q - 230. Let t = -3 - -9. Suppose 65 = 5*v - 3*l + q*l, -l = -v + t. What is the remainder when v is divided by 9?
2
Let p(i) = i**2 - 2*i - 6. Let o be p(-8). Suppose -o = 25*u - 23*u. Let w = -34 - u. What is the remainder when 4 is divided by w?
1
Let o(d) = -132*d - 1014. What is the remainder when o(-13) is divided by 57?
18
What is the remainder when 544 is divided by 5/1*12337/845?
33
Suppose 58 = 2*j - 3*l, 6*l = 2*j + l - 54. Let c be j/(-5) + (-3)/5. Let h = 29 + c. Calculate the remainder when h is divided by 17.
5
Suppose -241895*d + 2373 = -241874*d. What is the remainder when d is divided by -1*(0 + 0) + 23?
21
What is the remainder when (-1 - 332)*(-18)/(-270)*-10 is divided by 147?
75
Let n(k) = -2*k**3 + 4*k**2 - k - 3. Suppose -5*y + 47 = -3*c - 0*y, -4*y + 16 = 0. Let m = 32 + c. What is the remainder when n(-3) is divided by m?
21
Let c(o) = -o**2 + 104*o - 1658. What is the remainder when c(22) is divided by 8?
2
Suppose b = 2*d - 7, 5*b = 3*d + 2*d - 5. Suppose -41 = -h + 3*r, -r + d = 2*r. Calculate the remainder when (-1)/(-1) + (203 - 19) is divided by h.
44
Let g(v) = 38*v**2 + 76*v + 261. Let a(l) = -7*l**2 - 15*l - 52. Let t(p) = -11*a(p) - 2*g(p). What is the remainder when 189 is divided by t(-5)?
9
What is the remainder when 91 is divided by (-1)/(-20) - 139062/(-5160)?
10
Let l(a) = -9*a + 12. Let v be (-8)/24 - 2/3. What is the remainder when 165 is divided by l(v)?
18
What is the remainder when 6 + -8 + 18 + -9 + 1195 is divided by 174?
158
Suppose 0 = -0*z - z + 17. Suppose -3*l + 888 = 5*l. Suppose 5*o = 34 + l. Calculate the remainder when o is divided by z.
12
Let q = -98 - -101. Suppose q = 3*t, 9*k = 10*k + 5*t - 16. What is the remainder when k is divided by 7?
4
Let d be (1/(14/40))/((-42)/(-147)). Let a = -9 + d. Suppose -71 - a = -4*n. What is the remainder when 66 is divided by n?
12
Calculate the remainder when (-320 - -5873)*((-8)/(-18) + 0) is divided by 26.
24
Suppose p = 22 + 8. Let s = 13899 - 13888. What is the remainder when p is divided by s?
8
Calculate the remainder when 412 is divided by (-1325)/(-20) + 242/88.
67
Let p = 8675 + -8656. Calculate the remainder when 702 is divided by p.
18
Let m = -457 - -539. Suppose -m*d + 76*d = -222. Calculate the remainder when 66 is divided by d.
29
Suppose -5*u = 4*x - 20, 5*x - 39 = -4*u - 14. Suppose u = -t - 5 + 11. Suppose t*m + 2 = 182. What is the remainder when m is divided by 8?
6
Suppose 132*f - 49750 = 107*f. What is the remainder when f is divided by 982?
26
Let f be 22/(-3 - -2 - 1). Let r(g) = 2*g - 24 + 18 + 5*g - g**2 + 2*g**2. What is the remainder when r(f) is divided by 15?
8
Let t be (-14*(-52)/(-10))/(14/70). Let s = 377 + t. Calculate the remainder when 18 is divided by s.
5
Let u(n) = n**2 - 6*n + 3. Let x be u(6). Suppose 2*d - d = -x*g + 56, 2*g - 42 = -3*d. Let t = 2491 - 2445. What is the remainder when t is divided by g?
10
Let w = -13735 + 13752. What is the remainder when 1001 is divided by w?
15
Suppose -3*p - 302*l = -304*l - 70, 0 = -5*p - l + 121. What is the remainder when 37 is divided by p?
13
Let r(w) = w**3 - w**2 - 6*w + 7. Let q be r(7). Let y = -135 + q. Calculate the remainder when y is divided by 2/4*(12 + -16) - -44.
40
Suppose 4*q + 139 = 5*w, q + q + 3*w = -53. Let g = q - -48. Suppose 13*d = g*d - 96. What is the remainder when d is divided by 18?
6
Let g(w) = -5*w + 67. Let a(q) = -q**2 - 6*q + 3. Let r be a(-4). Calculate the remainder when 82 is divided by g(r).
10
Let z = 22 + -22. Suppose -5*v + 4*s + 34 = z, s - 5 = 4*v - 30. Suppose -2*u + 22 = -10. What is the remainder when u is divided by v?
4
Let g = 795 + -783. Calculate the remainder when 144 is divided by g.
0
Suppose -25*o = -2008 - 617. Suppose -3*w + 40 = u - w, w = -3*u + o. What is the remainder when 337 is divided by u?
31
Suppose -k + 32 = 2*y, 5*y + 8 = -3*k + 107. Let l be ((-20)/6 + 5)/((-13)/(-390)). Let d = l - k. What is the remainder when 33 is divided by d?
9
Let f(h) be the second derivative of -h**4/12 - 13*h**3/6 - 5*h**2 - 4*h. Let s be f(-9). What is the remainder when 40/260 + 1 + 1478/s is divided by 15?
13
Let d(z) = 1195*z + 15538. Calculate the remainder when 757 is divided by d(-13).
1
Suppose -3787 + 925 = -9*j. Let l = j - 293. What is the remainder when 154 is divided by l?
4
Let k = -2397 + 2407. Calculate the remainder when 1547 is divided by k.
7
Let g = 65 - -9. Let b = g + -60. Suppose -4*h = -7*h + 33. Calculate the remainder when b is divided by h.
3
What is 